ase 6) in base 4?
-11
What is 24 (base 5) in base 12?
12
What is 14 (base 11) in base 6?
23
What is -1 (base 10) in base 6?
-1
What is 1 (base 12) in base 4?
1
What is -f (base 16) in base 5?
-30
What is -10 (base 9) in base 11?
-9
Convert -6 (base 16) to base 15.
-6
4 (base 10) to base 7
4
-1 (base 16) to base 8
-1
Convert -13 (base 8) to base 3.
-102
Convert 142 (base 9) to base 13.
92
What is 0 (base 9) in base 13?
0
What is -101221 (base 3) in base 2?
-100100111
Convert -241 (base 11) to base 9.
-348
Convert -138 (base 9) to base 15.
-7b
What is -111 (base 3) in base 11?
-12
37 (base 14) to base 10
49
Convert -b1 (base 16) to base 15.
-bc
Convert -123 (base 4) to base 6.
-43
Convert 13 (base 11) to base 12.
12
What is 2a (base 15) in base 2?
101000
313 (base 4) to base 16
37
Convert 6 (base 7) to base 3.
20
What is 1 (base 13) in base 2?
1
Convert 13 (base 6) to base 8.
11
Convert -1 (base 2) to base 9.
-1
Convert -4 (base 15) to base 16.
-4
What is -34 (base 13) in base 4?
-223
1 (base 6) to base 15
1
What is 25 (base 11) in base 8?
33
73 (base 12) to base 13
69
Convert -5 (base 11) to base 3.
-12
What is -10 (base 12) in base 3?
-110
What is 1102 (base 6) in base 11?
211
8 (base 10) to base 13
8
Convert -34 (base 5) to base 15.
-14
Convert 0 (base 12) to base 14.
0
10 (base 11) to base 7
14
Convert -220 (base 5) to base 11.
-55
-2 (base 5) to base 8
-2
Convert -2 (base 14) to base 5.
-2
a2 (base 16) to base 2
10100010
111 (base 2) to base 8
7
-5 (base 9) to base 8
-5
Convert 7 (base 11) to base 5.
12
8 (base 15) to base 9
8
3 (base 16) to base 7
3
Convert 313 (base 5) to base 2.
1010011
Convert 1 (base 4) to base 12.
1
14 (base 10) to base 4
32
Convert -2 (base 9) to base 10.
-2
Convert -12 (base 3) to base 4.
-11
What is 0 (base 12) in base 15?
0
Convert 120 (base 4) to base 7.
33
0 (base 7) to base 8
0
What is a (base 12) in base 14?
a
78 (base 16) to base 15
80
-b (base 15) to base 4
-23
-94 (base 12) to base 8
-160
Convert -1001 (base 3) to base 15.
-1d
What is -c1 (base 14) in base 2?
-10101001
Convert -b (base 13) to base 3.
-102
What is 100110 (base 2) in base 4?
212
-10 (base 9) to base 5
-14
What is 152 (base 7) in base 14?
62
Convert 1002 (base 3) to base 16.
1d
Convert 123 (base 11) to base 2.
10010010
What is -25 (base 16) in base 9?
-41
What is -2 (base 14) in base 13?
-2
What is -a (base 16) in base 5?
-20
Convert 2 (base 12) to base 8.
2
Convert -b (base 16) to base 13.
-b
-5 (base 13) to base 7
-5
Convert 7 (base 16) to base 2.
111
Convert -22 (base 7) to base 8.
-20
What is -3 (base 6) in base 5?
-3
What is -1012 (base 3) in base 13?
-26
161 (base 7) to base 13
71
Convert 2 (base 6) to base 10.
2
Convert 34 (base 11) to base 4.
211
4 (base 13) to base 9
4
What is 12 (base 7) in base 5?
14
Convert -30 (base 8) to base 2.
-11000
Convert 1 (base 11) to base 10.
1
1 (base 11) to base 12
1
3 (base 14) to base 8
3
Convert -220 (base 3) to base 10.
-24
Convert 79 (base 12) to base 9.
113
Convert -2110 (base 3) to base 5.
-231
What is -105 (base 6) in base 13?
-32
What is -41 (base 13) in base 11?
-49
Convert -4 (base 8) to base 16.
-4
1153 (base 6) to base 5
2120
-2 (base 4) to base 16
-2
Convert -f (base 16) to base 10.
-15
Convert 101010 (base 2) to base 8.
52
-3 (base 11) to base 3
-10
What is 2 (base 5) in base 13?
2
7 (base 9) to base 11
7
What is 15 (base 8) in base 7?
16
What is 148 (base 9) in base 4?
1331
What is 3 (base 7) in base 6?
3
-44 (base 5) to base 7
-33
What is 11100 (base 2) in base 7?
40
Convert -20 (base 15) to base 7.
-42
-11 (base 5) to base 6
-10
-210 (base 3) to base 7
-30
What is 10 (base 2) in base 15?
2
Convert 5 (base 6) to base 4.
11
-28 (base 9) to base 15
-1b
-233 (base 4) to base 8
-57
What is 10 (base 5) in base 13?
5
-46 (base 10) to base 14
-34
112 (base 4) to base 10
22
1204 (base 5) to base 4
2303
Convert 1 (base 9) to base 8.
1
247 (base 9) to base 2
11001101
What is 1 (base 4) in base 3?
1
4 (base 8) to base 2
100
1 (base 16) to base 4
1
Convert 3 (base 5) to base 11.
3
What is 4 (base 14) in base 9?
4
-3 (base 4) to base 3
-10
32 (base 7) to base 13
1a
What is -11102 (base 3) in base 2?
-1110111
What is -1 (base 9) in base 6?
-1
What is -1000011 (base 2) in base 9?
-74
What is -1 (base 16) in base 10?
-1
-15 (base 14) to base 7
-25
-1 (base 8) to base 11
-1
Convert bb (base 15) to base 7.
341
Convert -2 (base 3) to base 12.
-2
Convert 12 (base 5) to base 11.
7
Convert 35 (base 11) to base 2.
100110
Convert 2 (base 5) to base 8.
2
What is 9 (base 11) in base 12?
9
0 (base 12) to base 6
0
-5 (base 15) to base 8
-5
What is -10 (base 4) in base 2?
-100
1230 (base 4) to base 10
108
What is -6e (base 16) in base 2?
-1101110
101 (base 4) to base 8
21
Convert a (base 14) to base 7.
13
5 (base 7) to base 5
10
Convert 42 (base 7) to base 16.
1e
-41 (base 16) to base 15
-45
Convert 5 (base 13) to base 9.
5
What is -1010000 (base 2) in base 7?
-143
2 (base 5) to base 9
2
Convert 8 (base 10) to base 16.
8
Convert 11 (base 2) to base 16.
3
17 (base 14) to base 5
41
What is 0 (base 11) in base 2?
0
What is -11 (base 5) in base 15?
-6
What is -3 (base 5) in base 10?
-3
What is 214 (base 6) in base 4?
1102
What is -32 (base 6) in base 13?
-17
-30 (base 4) to base 5
-22
Convert 130 (base 4) to base 10.
28
What is 6c (base 16) in base 2?
1101100
14 (base 5) to base 14
9
Convert 11 (base 13) to base 5.
24
What is -203 (base 5) in base 14?
-3b
-1ab (base 15) to base 12
-282
2 (base 12) to base 8
2
21 (base 12) to base 2
11001
What is 1000 (base 2) in base 11?
8
What is 0 (base 8) in base 7?
0
-10 (base 15) to base 9
-16
Convert -9c (base 13) to base 2.
-10000001
What is -11011 (base 2) in base 7?
-36
Convert -2 (base 8) to base 6.
-2
Convert 10 (base 3) to base 15.
3
What is 11 (base 8) in base 5?
14
What is -5 (base 11) in base 16?
-5
What is -100 (base 8) in base 16?
-40
Convert 12 (base 7) to base 4.
21
Convert 3 (base 16) to base 9.
3
300 (base 6) to base 12
90
What is -63 (base 7) in base 2?
-101101
What is -12 (base 8) in base 12?
-a
2 (base 8) to base 11
2
What is 2 (base 14) in base 12?
2
Convert 77 (base 9) to base 7.
130
Convert -420 (base 7) to base 15.
-e0
Convert 140 (base 5) to base 12.
39
What is -72 (base 12) in base 11?
-79
Convert 1 (base 3) to base 13.
1
What is 102 (base 7) in base 15?
36
What is 202 (base 4) in base 14?
26
What is 2 (base 8) in base 2?
10
-3 (base 10) to base 9
-3
What is -25 (base 12) in base 4?
-131
What is -6 (base 14) in base 4?
-12
What is -21 (base 7) in base 5?
-30
Convert 2 (base 12) to base 14.
2
-1142 (base 5) to base 13
-103
What is -a (base 14) in base 5?
-20
31 (base 6) to base 11
18
-96 (base 11) to base 6
-253
Convert 8 (base 9) to base 7.
11
Convert 3 (base 9) to base 6.
3
Convert 65 (base 10) to base 7.
122
What is -36 (base 12) in base 16?
-2a
Convert -11 (base 10) to base 9.
-12
-10101 (base 2) to base 3
-210
Convert -3 (base 6) to base 3.
-10
-2 (base 8) to base 11
-2
-3 (base 7) to base 4
-3
Convert a (base 15) to base 9.
11
What is 5 (base 7) in base 16?
5
-a (base 14) to base 12
-a
4 (base 12) to base 7
4
What is 224 (base 8) in base 15?
9d
e (base 15) to base 16
e
-d (base 15) to base 10
-13
What is 23 (base 5) in base 14?
d
Convert 0 (base 8) to base 4.
0
Convert 6 (base 11) to base 12.
6
What is -1 (base 9) in base 8?
-1
What is 1 (base 12) in base 8?
1
-11000 (base 2) to base 11
-22
159 (base 11) to base 4
2321
What is 2 (base 5) in base 13?
2
Convert -3100 (base 4) to base 16.
-d0
1 (base 14) to base 11
1
-181 (base 10) to base 14
-cd
Convert 121 (base 12) to base 13.
100
Convert -11 (base 6) to base 9.
-7
-5 (base 11) to base 4
-11
3 (base 8) to base 15
3
-13 (base 15) to base 3
-200
2 (base 8) to base 5
2
What is -d (base 16) in base 4?
-31
Convert -100 (base 2) to base 13.
-4
What is -616 (base 7) in base 3?
-102101
Convert -115 (base 15) to base 7.
-500
What is -21 (base 10) in base 8?
-25
Convert -3 (base 7) to base 15.
-3
What is b (base 12) in base 7?
14
Convert -1 (base 13) to base 5.
-1
Convert 20 (base 4) to base 8.
10
Convert -227 (base 8) to base 15.
-a1
What is 0 (base 3) in base 12?
0
What is 0 (base 2) in base 6?
0
What is 4 (base 8) in base 12?
4
Convert e (base 16) to base 6.
22
Convert 10 (base 4) to base 10.
4
Convert 